, what is -325 + -1?
-326
In base 2, what is -1000 - 11000001?
-11001001
In base 4, what is 2111 - -10?
2121
In base 9, what is 2106 + 4?
2111
In base 6, what is -244 - -4?
-240
In base 16, what is -2eca - 5?
-2ecf
In base 15, what is 18 - ac?
-94
In base 16, what is -13 - -ac?
99
In base 13, what is 39a + -3?
397
In base 11, what is 5 + a85?
a8a
In base 8, what is -514 - 5?
-521
In base 15, what is -5 - -4?
-1
In base 12, what is 11 - -411?
422
In base 12, what is 4 + 27?
2b
In base 13, what is 249 + 10?
259
In base 13, what is -19 - -44?
28
In base 16, what is 6f + 3?
72
In base 2, what is 110 + 100000011?
100001001
In base 14, what is 2b + 3?
30
In base 3, what is 2022020 + 0?
2022020
In base 6, what is -5 - -21335?
21330
In base 16, what is cd - -1a?
e7
In base 13, what is -1 + -b20?
-b21
In base 11, what is 31 - 4?
28
In base 7, what is -2 + -13?
-15
In base 7, what is -1 - -1151?
1150
In base 6, what is 10 + -3?
3
In base 10, what is 175 - -22?
197
In base 16, what is -7 + 2b?
24
In base 16, what is f9 - 3?
f6
In base 2, what is 1100 + 10010?
11110
In base 12, what is -65 - -1?
-64
In base 10, what is -2 + -77?
-79
In base 14, what is 7 - -2?
9
In base 6, what is 3 - 25305?
-25302
In base 4, what is 11 - -113212?
113223
In base 15, what is 28 + -7?
21
In base 6, what is 431 + 4?
435
In base 3, what is -101012201 + -1?
-101012202
In base 5, what is 31 - -11?
42
In base 13, what is -9 - -22?
16
In base 7, what is 0 - 10?
-10
In base 12, what is 9 - -269?
276
In base 10, what is -1 + -421?
-422
In base 3, what is -11 + -220010?
-220021
In base 14, what is -1 - -83?
82
In base 13, what is 3 + -c9?
-c6
In base 6, what is 3 + 14552?
14555
In base 9, what is -14 + 127?
113
In base 15, what is -e3 + 4?
-de
In base 12, what is 5 - 2a?
-25
In base 14, what is 7 - -12c?
135
In base 8, what is 16 + 3?
21
In base 10, what is -1 + -141?
-142
In base 7, what is -21 - -236?
215
In base 14, what is 300 - 1?
2dd
In base 12, what is 237b + -2?
2379
In base 12, what is 107 + -5?
102
In base 7, what is 4 + 501?
505
In base 12, what is -80 - 5?
-85
In base 3, what is -12 - -1001?
212
In base 3, what is 11 - 20?
-2
In base 5, what is 3323 - -10?
3333
In base 3, what is 11 + -1012?
-1001
In base 14, what is -72 + -21?
-93
In base 3, what is -102 + 1120?
1011
In base 10, what is -3 - -1029?
1026
In base 11, what is 6828 + 3?
6830
In base 4, what is 201 - 1?
200
In base 9, what is -5 - 562?
-567
In base 3, what is 22000 + -2010?
12220
In base 9, what is 4 - 231?
-226
In base 16, what is -3 - -4e2?
4df
In base 10, what is 291 - 1?
290
In base 7, what is 131553 - 5?
131545
In base 3, what is -1001 + 122?
-102
In base 3, what is 202222 - -10?
210002
In base 6, what is 3 - 32243?
-32240
In base 14, what is -8 - c?
-16
In base 9, what is -48 + -3?
-52
In base 5, what is 1 - -33233?
33234
In base 4, what is 10 - -10?
20
In base 6, what is 35343 + -3?
35340
In base 3, what is -121 - 101212?
-102110
In base 6, what is 15445 + 3?
15452
In base 15, what is -2b0 - -4?
-2ab
In base 12, what is -575 - 2?
-577
In base 14, what is 2 - -58?
5a
In base 14, what is 7a - -1?
7b
In base 11, what is -6a + -13?
-82
In base 11, what is -25 - -4?
-21
In base 9, what is -5 + 68?
63
In base 12, what is -240 + -2?
-242
In base 2, what is 10 - 0?
10
In base 14, what is -16 + -2bd?
-2d5
In base 3, what is 10 - 2210?
-2200
In base 14, what is 5 + 94?
99
In base 10, what is -25 + 4?
-21
In base 2, what is -11100 - -1000011?
100111
In base 16, what is -5 + -6b?
-70
In base 6, what is -331 + 0?
-331
In base 9, what is 3451 + -4?
3446
In base 10, what is -348 + 12?
-336
In base 12, what is 2 + 29?
2b
In base 15, what is -3 + -523?
-526
In base 3, what is 2 - 2222?
-2220
In base 11, what is 358 + -3?
355
In base 9, what is -662 - 0?
-662
In base 3, what is -112100 - -1022?
-111001
In base 10, what is 15 - -1?
16
In base 2, what is 1111100 + 11?
1111111
In base 2, what is -1011100 + -11?
-1011111
In base 7, what is -1113 + 10?
-1103
In base 12, what is -2 - -535?
533
In base 4, what is -2110 - 1?
-2111
In base 5, what is 4 - 3043?
-3034
In base 7, what is -3 + -10112?
-10115
In base 16, what is d3 - -4?
d7
In base 9, what is 0 + 60?
60
In base 7, what is 30464 + 0?
30464
In base 6, what is -3 + -11424?
-11431
In base 9, what is -1212 - 0?
-1212
In base 12, what is 3 - -15a?
161
In base 14, what is 5 + -1?
4
In base 16, what is 11 - -d?
1e
In base 9, what is -5 - 11?
-16
In base 2, what is -100100 - -10001?
-10011
In base 13, what is 3c - -5?
44
In base 14, what is -36b - 9?
-376
In base 16, what is -14 + -25?
-39
In base 13, what is -b73b - 2?
-b740
In base 13, what is -3 - -1?
-2
In base 16, what is 5 - -777?
77c
In base 4, what is -30 - 1032?
-1122
In base 7, what is 26 - 10?
16
In base 9, what is 3 - 145?
-142
In base 7, what is 163 - 1?
162
In base 5, what is 3 + -4204?
-4201
In base 9, what is -4 - 102?
-106
In base 5, what is 1003 + -10?
443
In base 3, what is -2 + -12?
-21
In base 10, what is 16612 - -1?
16613
In base 16, what is 8f - c?
83
In base 2, what is -100 + -110011100011?
-110011100111
In base 12, what is -3 + 215a?
2157
In base 5, what is -4 + -122?
-131
In base 15, what is -b5 - -3?
-b2
In base 9, what is -3 + -1407?
-1411
In base 12, what is 514 - 4?
510
In base 11, what is -28 + 440?
413
In base 16, what is -1e1 + 4?
-1dd
In base 9, what is -68 - 30?
-108
In base 6, what is -230 - -1?
-225
In base 12, what is 5 - 426?
-421
In base 12, what is 3 + 271?
274
In base 5, what is 2 + -224?
-222
In base 10, what is 58 + -7?
51
In base 10, what is -3 - -1426?
1423
In base 9, what is 28248 - -2?
28251
In base 3, what is -122 + 1121210?
1121011
In base 16, what is -4 - 12?
-16
In base 16, what is 187 + 0?
187
In base 4, what is -2 + -1121?
-1123
In base 8, what is -4 + 54?
50
In base 9, what is -121 - 2?
-123
In base 10, what is 698 - 0?
698
In base 8, what is 43 - -3?
46
In base 16, what is 5 + 11?
16
In base 3, what is 2 + 10120100?
10120102
In base 4, what is -33230 - -10?
-33220
In base 6, what is 122 - 34?
44
In base 13, what is -4 + -3a?
-41
In base 15, what is -205a - 0?
-205a
In base 4, what is -2 + 2301?
2233
In base 7, what is 3 - -2502?
2505
In base 8, what is -2 + -721?
-723
In base 15, what is -b5 - 5?
-ba
In base 2, what is 100 - 100011?
-11111
In base 9, what is 23 + 21?
44
In base 2, what is 101 + -10010011?
-10001110
In base 9, what is 22 - -3?
25
In base 12, what is 0 + 151?
151
In base 5, what is -3313 + -3?
-3321
In base 4, what is -22201 + -30?
-22231
In base 2, what is 11100001 + 100?
11100101
In base 12, what is -3 - -5?
2
In base 4, what is 11203022 + 11?
11203033
In base 16, what is 5 + -71?
-6c
In base 4, what is -131 - -1203?
1012
In base 11, what is -8 - 176?
-183
In base 12, what is -3 - 13?
-16
In base 13, what is -33 + 8?
-28
In base 16, what is a + -cc?
-c2
In base 3, what is 11 + 11101?
11112
In base 6, what is -235 - 3?
-242
In base 9, what is 24 + -42?
-17
In base 16, what is 1e + -20?
-2
In base 8, what is 13 - -52?
65
In base 11, what is -55 - 4?
-59
In base 8, what is 1 + 36?
37
In base 13, what is 1 - 52?
-51
In base 8, what is -44 - -141?
75
In base 5, what is -111 - 4?
-120
In base 5, what is -2103 + -23?
-2131
In base 15, what is -3a + -28?
-63
In base 5, what is 4 + 22?
31
In base 14, what is 82c + -4?
828
In base 11, what is 0 - 108?
-108
In base 3, what is -1 - 2210?
-2211
In base 16, what is 5 - -24?
29
In base 15, what is -5 - 17?
-1c
In base 5, what is 123403 - 1?
123402
In base 7, what is -10063 - 5?
-10101
In base 2, what is -110 + -1001000000?
-1001000110
In base 14, what is 5a + 59?
b5
In base 11, what is -7 - 15?
-21
In base 10, what is -2 + 1642?
1640
In base 12, what is 72 - 1a?
54
In base 16, what is 28c - d?
27f
In base 5, what is -2331 + 23?
-2303
In base 11, what is -1280 - -6?
-1275
In base 2, what is -1101010010011 + 0?
-1101010010011
In base 2, what is -110101010101 - -100?
-110101010001
In base 8, what is 3237 - 3?
3234
In base 13, what is -5 + 177?
172
In base 11, what is 134 - -66?
19a
In base 11, what is 1 + 121?
122
In base 11, what is 375 - 2?
373
In base 2, what is 11001 + -11111?
-110
In base 7, what is -132 - 3?
-135
In base 14, what is 3 + 514?
517
In base 9, what is -12 + 8?
-3
In base 5, what is 3 + 142?
200
In